eds digit of u?
3
Let t(d) = -1411*d - 134. What is the tens digit of t(-3)?
9
Let y(q) = q - 1. Let m be y(21). Suppose -5*u = -m, 41 = 5*b - 0*b + 4*u. What is the units digit of b - 7 - (-2 + -90 - 2)?
2
Suppose -10*q - q + 11 = 0. Suppose 3*t + 1 = -2*z, 3*t - 5*t = 3*z - q. What is the tens digit of -2*z - (3 - 59)?
5
Suppose -18*w = -19*w - 3*q + 33, -132 = -4*w + 3*q. What is the hundreds digit of (25/(-2))/((w/(-246))/11)?
0
Let p(l) be the second derivative of -l**4/12 - l**3/6 + 649*l**2/2 - 12*l. Let w be p(0). Suppose -5*s + w = -296. What is the units digit of s?
9
Let f = -666 + 1626. Suppose 4*y - f = 312. What is the units digit of y?
8
What is the hundreds digit of (-11 - -10)/(14 - 17 - 9881/(-3294))?
2
Suppose x = -8, 33*x - 38*x = 8*d - 115712. What is the thousands digit of d?
4
Let p = 19291 + -10559. What is the thousands digit of p?
8
Let r = 76268 - 40433. What is the units digit of r?
5
Let k be 21/(-14) + (-446)/(-4). Suppose -20*g + k = -15*g. Suppose -19*n + g*n - 276 = 0. What is the units digit of n?
2
Let g = -22 + 21. Suppose -3 = 3*y, 0 = -5*q - 0*y + y - 19. What is the tens digit of 2/q*g + (-2384)/(-32)?
7
What is the units digit of (-393063)/(-946)*((-4)/(-6))/2*40?
0
Let t(i) = 4*i**3 + 2*i - 1. Let g be t(1). Suppose 5*u = -15, -3*k + 21 = -k + g*u. Suppose 0 = -d + k + 82. What is the tens digit of d?
0
Let b(t) = -t**3 - 3*t**2 - t - 5. Suppose -30*q + 32*q = 26. Suppose 66 = 2*k - q*k. What is the units digit of b(k)?
9
Let t(l) = l + 12. Let z be (1/2)/(21/(-10) + 2). Let r be t(z). Suppose -303 = r*u - 1458. What is the tens digit of u?
6
Let k(q) = 10*q**2 + 14*q - 5. Let m(u) = -19*u**2 - 29*u + 11. Let p(l) = 13*k(l) + 6*m(l). What is the tens digit of p(-2)?
4
Let i = 109 + -104. Suppose -i*x = -5*c + 3970 - 745, 4*c + 3*x - 2580 = 0. What is the units digit of c?
5
Let c be 6 + 93 + 1 + -6. Let w be (-1 - (-1 - -2)) + 5. Suppose w*v = c + 161. What is the units digit of v?
5
Suppose 1480 = 8*h - 4*h. Suppose -8*t = -h - 94. What is the tens digit of t?
5
Let l(x) = -2*x**3 + 10*x**2. Let z be l(5). Let u be ((-4)/6 + z)/((-18)/(-270)). Let d(i) = -i**3 - 10*i**2 - 14*i - 8. What is the tens digit of d(u)?
3
Suppose 16*b - 2454 - 547 = 183. What is the tens digit of b?
9
Let g(i) = 107*i**2 - 56*i - 213. Let t(k) = -36*k**2 + 18*k + 71. Let d(c) = 3*g(c) + 8*t(c). What is the units digit of d(-4)?
3
Let w be (-336)/(-35) - 3/(15/(-2)). Suppose 4*f - w + 2 = 0. What is the tens digit of 0/7 - (40/(-1))/f?
2
Let f(a) = 4*a + 7. Let u be f(-6). Let y(r) = -r**2 - 12*r - 30. Let p(n) = n**2 + 13*n + 29. Let m(q) = 5*p(q) + 4*y(q). What is the units digit of m(u)?
5
Let p(u) = -u - 3. Suppose 3*x = 15*x + 168. What is the tens digit of p(x)?
1
Let k be 7 + -9 + 1 + 15. What is the hundreds digit of ((-964)/16)/(k/(-56))?
2
What is the tens digit of (4 + 51)/(-11) + (-1)/((-3)/28692)?
5
Suppose -24*h + 19005 = -45*h. Let b = -635 - h. What is the hundreds digit of b?
2
Let n be 1 + 0 + 2 + -1. Let z = 30 - 25. Suppose 0 = -t - n, -z*h + 5*t - 14 + 234 = 0. What is the units digit of h?
2
Let u be (-2)/(-5) + 2/(-10)*-8. Suppose -3*j = u*q - 172, -5*q + 430 = -0*j - j. Suppose 5*k = q + 224. What is the units digit of k?
2
Let c be -6*(-6)/(-27)*-18. What is the tens digit of (0 + 72)*10*3/c?
9
Let y = 3512 - 1758. Let z = y + -1038. What is the tens digit of z?
1
Let z = -251 - -5558. What is the tens digit of z?
0
What is the thousands digit of (-4)/(-8) - (-3015)/2 - (-2 - -2)?
1
Suppose -27*g + 18*g = -3015. Suppose -g = -d + 200. What is the units digit of d?
5
Let b = 23636 - 6869. What is the ten thousands digit of b?
1
Suppose -u - c = 2*u + 3, 15 = -2*u - 5*c. Suppose u = 8*y - 0. Suppose -4*z - 16 = y, -5*d = -0*d - 4*z - 126. What is the units digit of d?
2
Suppose 54*o - 46*o + 48 = 0. What is the hundreds digit of 28/(-42) - 1762/o?
2
Let w = 81838 + -43381. What is the tens digit of w?
5
Let w = 3011 + -1312. What is the units digit of w?
9
Suppose 3 = -5*u - 7, v - 15 = 4*u. What is the hundreds digit of v + 184/(-24) + (-353)/(-3)?
1
Let d(m) = -110*m + 492. What is the thousands digit of d(-49)?
5
Suppose 177 = 5*s + 4*r, 0 = -r + 1 + 2. Suppose -40*g + 6405 = -s*g. What is the units digit of g?
5
Let z = 2 + 0. Let j(l) = -43*l + 8. Let t(u) = -14*u + 3. Let w(a) = z*j(a) - 7*t(a). What is the tens digit of w(2)?
1
Suppose -j - 73295 + 6755 = -7*j. What is the tens digit of j?
9
Suppose -r + 9*r - 3*r - 254775 = -x, 0 = 3*x. What is the thousands digit of r?
0
Suppose -209*u + 4*f - 193432 = -212*u, 0 = u + 3*f - 64484. What is the ten thousands digit of u?
6
Suppose -85*m = -92*m + 427. Let p = m - -840. What is the hundreds digit of p?
9
What is the ten thousands digit of 2 - (8 + -32404*4/8)?
1
Let t be (4668/(-16))/((-3)/12). Let p = t - 816. What is the hundreds digit of p?
3
Suppose -a - m + 79513 = 0, 61*a - 397607 = 56*a + 2*m. What is the hundreds digit of a?
5
Let n(p) = -10*p**2 - 15*p + 41. Let d(j) = 49*j**2 + 75*j - 207. Let u(b) = -2*d(b) - 11*n(b). What is the units digit of u(6)?
5
Let a = -363 + 182. Let u = 227 + a. What is the tens digit of u?
4
Let d = 45237 - 16066. What is the hundreds digit of d?
1
Let b(r) = 161*r - 82. Let p be b(35). Let y = -3727 + p. What is the units digit of y?
6
Let u(p) = -p**3 - 19*p**2 + p + 39. Let a be u(-19). Suppose a*s = 14*s + 2730. What is the units digit of s?
5
Let f = 10035 - -5509. Suppose -21*i + 14003 = -f. What is the units digit of i?
7
Let t(a) = 91*a**2 + 68*a + 259. What is the tens digit of t(-14)?
4
Suppose 2*a - 128 = -126. What is the hundreds digit of 51/(-1)*280/(-21)*a?
6
Suppose -10*m = 147 - 447. Let r = m + -25. Suppose -v - r = 0, 3*u - v + 3*v = 458. What is the hundreds digit of u?
1
Let v = 139 + -37. Suppose d + 3*x = 34, 7*d + 4*x = 4*d + v. What is the units digit of d?
4
Suppose 0*g = -0*g + 3*g. Suppose 0 = -l - g*x + 4*x + 121, 4*l - x - 499 = 0. Let d = l - 63. What is the tens digit of d?
6
Let h be -22 - (-1 + (-9)/(-3)). Let c = -20 - h. Suppose -4*l + 3*m + 445 = l, c*m = 4*l - 356. What is the tens digit of l?
8
Suppose -2*c + 6*x + 2496 = x, -4*c + 4992 = 3*x. Suppose 8*i - c - 1704 = 0. What is the tens digit of i?
6
Let x(c) = c + 4. Let d be x(2). Let g(o) = 7*o**2 - o - 9. Let i be g(d). Suppose 0 = -2*u + i + 135. What is the tens digit of u?
8
Suppose 20*t = 12600 + 3500. Suppose -152 = -y - 3*q, -3*q - 105 = 5*y - t. What is the units digit of y?
7
Suppose 910236 = 129*h - 4399722 - 394938. What is the units digit of h?
4
Let p(j) = -j**2 - 8*j + 17. Let z be p(-7). Suppose -7*o = o - z. Suppose 0*l + l = a - 165, -o*l + 340 = 2*a. What is the hundreds digit of a?
1
Suppose 4*p - 341 = 6*h - 11*h, 0 = h - 5*p - 45. Let t be 0 + 79 - (-1 - 2). Let b = t - h. What is the tens digit of b?
1
Suppose -37*i = 25*i - 587460 + 155940. What is the tens digit of i?
6
Let k(x) = 8 - 31120*x + 31127*x + 2*x**2 + 38*x**3 - 95*x**3. What is the hundreds digit of k(-3)?
5
Let b = -21002 + 36655. What is the hundreds digit of b?
6
Let q(a) = 493*a**2 - 38*a + 302. What is the ten thousands digit of q(6)?
1
Let p(t) = t**3 + 17*t**2 - 61*t - 51. What is the units digit of p(16)?
1
Suppose -216*u + 4*a = -220*u + 281428, -3*a = 15. What is the units digit of u?
2
Let x be 3/(-45)*-2 + (-20384)/(-120). Suppose -2*s = 2*l - x, 4*l + 3*s - 287 = 58. What is the units digit of l?
0
Let y be ((-1 + -7)/(-4))/((-6)/(-7704)). Suppose 7*d - 4222 = y. What is the units digit of d?
0
Let i(x) be the second derivative of -x**4/12 + 55*x**3/6 - 213*x**2/2 - 3*x + 10. What is the units digit of i(49)?
1
Let h(i) be the third derivative of 10/3*i**3 + 0*i - 13*i**2 + 0*i**4 + 0 + 1/60*i**5. What is the units digit of h(9)?
1
Let t(k) = -3810*k - 4063. What is the ten thousands digit of t(-6)?
1
Let z(j) = -j**3 + 20*j**2 - 28*j - 14. Let v(t) = -36*t + 1. Let o be v(2). Let a = -53 - o. What is the units digit of z(a)?
0
Suppose 10*h + 26 = 66. Suppose -h*k = -11*k + 3409. What is the hundreds digit of k?
4
Suppose 0 = -5*l + 2*n + 64, 5*n = l - 29 + 7. Suppose -51*x = -48*x + l. What is the tens digit of 371/4 - 1/x?
9
Suppose 0 = -l, -2*x - l + 1448 + 9766 = 0. What is the tens digit of x?
0
What is the tho